125 and 9600?
75
Calculate the greatest common factor of 142744946 and 230.
46
What is the greatest common divisor of 11 and 110433675?
11
Calculate the highest common divisor of 219 and 126469288.
73
What is the highest common divisor of 32431 and 187411?
287
Calculate the greatest common factor of 10613377 and 346.
173
Calculate the greatest common factor of 87101722 and 2326.
2326
Calculate the highest common factor of 7049979 and 927.
9
Calculate the greatest common divisor of 17384 and 1322168.
328
Calculate the highest common divisor of 32619197 and 507.
169
Calculate the highest common divisor of 119884 and 220418.
86
What is the highest common divisor of 5616 and 1249248?
624
Calculate the highest common divisor of 81864304 and 7440.
496
What is the greatest common factor of 159002 and 143399?
743
What is the highest common divisor of 1600 and 13888?
64
Calculate the highest common factor of 3198 and 1462470.
246
What is the greatest common factor of 2860946 and 220?
22
What is the highest common divisor of 2497 and 87574784?
2497
Calculate the greatest common divisor of 51490 and 347422.
542
What is the highest common factor of 173583441 and 11538?
5769
Calculate the greatest common divisor of 341 and 52676657.
341
What is the greatest common factor of 7440 and 262290?
30
What is the highest common divisor of 17043672 and 141336?
3624
Calculate the greatest common factor of 57141624 and 816.
408
What is the greatest common factor of 2036 and 133650166?
1018
Calculate the highest common factor of 1469809 and 2706.
451
Calculate the greatest common factor of 74433 and 2847495.
1731
What is the greatest common factor of 128095 and 869950?
685
What is the highest common divisor of 20869 and 54463?
509
Calculate the highest common factor of 15 and 132877125.
15
Calculate the greatest common divisor of 16132 and 106412.
148
What is the highest common divisor of 11458788 and 132?
132
Calculate the greatest common factor of 1680 and 5029374.
42
Calculate the highest common divisor of 30536 and 1256.
8
Calculate the greatest common factor of 5214339 and 1261.
13
Calculate the greatest common factor of 45508 and 2296108.
124
What is the highest common divisor of 33592752 and 12?
12
What is the greatest common divisor of 64779 and 51189151?
1963
What is the greatest common factor of 200 and 15382340?
20
What is the greatest common divisor of 598 and 40589848?
598
Calculate the greatest common factor of 78 and 51463412.
26
What is the highest common factor of 1520 and 11222654?
38
Calculate the highest common divisor of 740196 and 56898.
522
What is the greatest common factor of 1493822 and 44?
22
Calculate the greatest common divisor of 8582341 and 705.
47
What is the highest common factor of 5111 and 980463574?
5111
Calculate the greatest common divisor of 859832 and 7728.
184
What is the greatest common factor of 812 and 18881813?
29
What is the greatest common factor of 2689475 and 537?
179
Calculate the greatest common factor of 4092 and 106465997.
341
Calculate the greatest common factor of 52327392 and 1196.
1196
What is the highest common factor of 14 and 47032202?
14
Calculate the highest common divisor of 3520 and 1381985.
55
Calculate the greatest common factor of 354 and 5556679.
59
What is the greatest common divisor of 12108 and 1444188?
12
What is the highest common divisor of 2198748 and 37932?
1308
Calculate the greatest common divisor of 371144 and 234260.
68
What is the highest common factor of 14122 and 417043843?
7061
What is the greatest common factor of 11349 and 5414249?
97
Calculate the highest common divisor of 71863 and 22841731.
1529
What is the greatest common divisor of 159 and 3942617?
53
What is the greatest common factor of 18398612 and 24698?
466
What is the highest common factor of 14657632 and 396?
44
Calculate the greatest common divisor of 49 and 167639829.
49
Calculate the highest common divisor of 344900 and 2900.
100
Calculate the highest common divisor of 4921677 and 872.
109
Calculate the greatest common divisor of 210 and 5324802.
42
Calculate the highest common divisor of 26932884 and 844.
844
Calculate the highest common factor of 78594 and 192.
6
What is the greatest common factor of 548 and 105332?
4
Calculate the highest common factor of 280 and 9930600.
40
Calculate the greatest common divisor of 12529412 and 123172.
1484
What is the highest common divisor of 51850 and 1207?
17
Calculate the highest common divisor of 1225 and 203900.
25
What is the highest common factor of 2268 and 6550803?
63
What is the greatest common factor of 22007 and 737323?
59
What is the highest common divisor of 2920171996 and 28?
28
What is the highest common divisor of 12 and 146465984?
4
Calculate the greatest common divisor of 14174 and 40603.
19
Calculate the highest common factor of 2370738 and 12587178.
13098
What is the greatest common factor of 15 and 702236355?
15
Calculate the highest common factor of 20 and 1309185.
5
What is the greatest common divisor of 67617840 and 204?
204
Calculate the highest common factor of 143565198 and 392.
98
Calculate the highest common divisor of 10722 and 6533272.
3574
Calculate the highest common factor of 465 and 16647825.
15
Calculate the highest common factor of 5100 and 1563042900.
5100
What is the highest common divisor of 254795175 and 175?
25
What is the highest common factor of 196229594 and 44?
22
What is the greatest common factor of 20982 and 533286?
78
What is the greatest common factor of 1222 and 949071?
47
What is the highest common divisor of 316 and 6683084?
316
Calculate the greatest common factor of 57975 and 288875.
25
What is the greatest common divisor of 197127 and 48951?
1323
Calculate the greatest common divisor of 386190 and 7245.
315
What is the greatest common divisor of 9438 and 909857?
13
Calculate the highest common factor of 5463 and 3975243.
1821
Calculate the highest common divisor of 9117777 and 228.
57
What is the greatest common divisor of 156 and 75402496?
52
What is the highest common divisor of 631194198 and 184?
46
Calculate the highest common factor of 494880 and 3440.
80
What is the highest common factor of 1224 and 513544500?
612
What is the highest common factor of 763 and 21091?
7
What is the greatest common divisor of 794798 and 196058?
1174
What is the greatest common factor of 72812 and 14227988?
436
What is the highest common factor of 1161 and 330579?
9
Calculate the greatest common divisor of 498 and 1164678.
6
What is the highest common factor of 22473339 and 9?
3
What is the greatest common factor of 69367 and 9301?
71
Calculate the highest common factor of 1835 and 182095.
5
Calculate the highest common divisor of 3465 and 72735.
15
Calculate the highest common divisor of 419980502 and 45636.
7606
What is the greatest common factor of 978 and 179754?
6
Calculate the highest common factor of 26 and 4622938.
2
Calculate the greatest common factor of 9316 and 138261.
17
What is the greatest common divisor of 144 and 984667896?
72
What is the highest common factor of 44 and 2262908?
4
Calculate the highest common divisor of 1415 and 791965.
5
Calculate the greatest common factor of 477958 and 75764.
806
Calculate the greatest common factor of 1988 and 27205780.
1988
What is the highest common factor of 403233348 and 14?
14
What is the greatest common divisor of 642 and 46904199?
321
What is the highest common divisor of 37503 and 6054651?
4167
What is the greatest common divisor of 7621656 and 10437?
147
Calculate the highest common factor of 1368 and 132037650.
342
What is the greatest common factor of 27214681 and 1495?
299
What is the greatest common factor of 7038 and 31574814?
2346
Calculate the greatest common factor of 6860187 and 14283.
621
Calculate the highest common divisor of 40950 and 324.
18
What is the greatest common divisor of 36995 and 2928142?
49
What is the highest common factor of 45192344 and 207800?
8312
What is the highest common divisor of 1298 and 9824298?
22
Calculate the highest common factor of 7119516 and 32.
4
Calculate the highest common divisor of 71928 and 8453538.
1998
Calculate the greatest common divisor of 53535051 and 189.
9
What is the highest common factor of 861534 and 2070?
414
W